eatest common factor of 9551448 and 7897.
53
Calculate the greatest common factor of 850240 and 20480.
320
Calculate the greatest common divisor of 853453 and 6471.
719
Calculate the greatest common factor of 864 and 151671456.
288
Calculate the greatest common divisor of 209 and 5969524.
11
Calculate the greatest common factor of 44096 and 484367.
689
What is the greatest common factor of 2162 and 203756609?
1081
What is the highest common factor of 154 and 7097629?
77
What is the highest common divisor of 294 and 3184881?
21
Calculate the highest common divisor of 44416 and 56512.
64
What is the highest common factor of 1162516 and 249064?
652
What is the highest common factor of 964880444 and 4?
4
Calculate the highest common divisor of 14 and 37689883.
7
What is the highest common divisor of 216353 and 557191?
193
What is the highest common factor of 5048673 and 903?
903
What is the greatest common factor of 32 and 2003328?
32
Calculate the highest common factor of 1872700752 and 3824.
3824
Calculate the highest common divisor of 2872 and 103785464.
2872
What is the greatest common divisor of 141897 and 19351815?
4893
What is the highest common divisor of 3451254 and 2703?
159
Calculate the greatest common factor of 6480848 and 16192.
4048
What is the highest common factor of 10719 and 37011119?
397
Calculate the greatest common factor of 306812 and 132924.
836
What is the greatest common divisor of 397228 and 354068?
52
What is the greatest common divisor of 520 and 2341716?
52
Calculate the highest common divisor of 162 and 176773968.
54
Calculate the highest common divisor of 4040750 and 98.
14
What is the greatest common divisor of 532833456 and 6417?
2139
Calculate the highest common divisor of 309762 and 20610.
18
What is the greatest common divisor of 31061248 and 768?
256
Calculate the highest common divisor of 356483 and 81061.
103
What is the highest common divisor of 38993223 and 17?
17
What is the highest common divisor of 134559 and 261?
9
Calculate the greatest common factor of 5168 and 3502688.
304
What is the greatest common factor of 653475 and 28775?
25
Calculate the greatest common divisor of 1878 and 130045866.
1878
What is the highest common divisor of 9052140 and 36?
12
What is the highest common factor of 61701 and 284013?
471
Calculate the highest common factor of 90 and 94040390.
10
Calculate the highest common factor of 1015998 and 30048.
1878
What is the highest common factor of 40824 and 13314?
42
Calculate the highest common factor of 3594 and 20430093.
1797
Calculate the highest common divisor of 5353674 and 20148.
438
Calculate the greatest common factor of 39714 and 7716.
6
Calculate the highest common divisor of 33 and 76054308.
33
Calculate the greatest common factor of 101026303 and 3115.
623
What is the highest common divisor of 666 and 220473084?
222
What is the highest common factor of 84810 and 20680?
110
What is the highest common factor of 880927 and 2172?
181
What is the greatest common factor of 26643268 and 105604?
6212
What is the highest common divisor of 14712278 and 1806?
602
What is the highest common divisor of 19675368 and 72?
72
Calculate the greatest common divisor of 54585203 and 248.
31
What is the greatest common divisor of 565786313 and 15656?
1957
What is the highest common factor of 484234 and 286178?
38
Calculate the greatest common factor of 2052 and 292828.
76
What is the highest common factor of 9083923 and 20767?
1093
What is the greatest common factor of 405858527 and 68?
17
What is the highest common divisor of 68 and 583141990?
34
What is the greatest common divisor of 908964 and 211176?
252
What is the greatest common factor of 111390 and 13414270?
470
Calculate the highest common divisor of 3426396 and 36.
12
Calculate the highest common divisor of 28583881 and 11.
1
What is the highest common factor of 104883975 and 6300?
1575
What is the highest common divisor of 79134 and 49519008?
726
What is the greatest common divisor of 12238 and 8405650?
58
What is the highest common factor of 442 and 256843446?
34
Calculate the greatest common factor of 2185 and 189313.
23
What is the greatest common factor of 2314005292 and 124?
124
What is the highest common factor of 1341448 and 471872?
584
Calculate the greatest common divisor of 151900 and 7560.
140
Calculate the highest common factor of 2548998 and 46.
46
What is the highest common divisor of 10482 and 274247554?
3494
Calculate the greatest common divisor of 1974 and 29136569.
329
What is the highest common divisor of 3450 and 1919400?
150
Calculate the highest common divisor of 132 and 187789074.
66
What is the greatest common divisor of 123000 and 23880?
120
Calculate the greatest common factor of 10963771 and 6281.
571
What is the highest common factor of 62 and 16771217?
31
Calculate the greatest common factor of 4837874 and 6246.
694
Calculate the greatest common factor of 300305515 and 10.
5
Calculate the highest common factor of 4576 and 8698261.
143
Calculate the highest common factor of 9 and 665523.
9
What is the highest common factor of 4285688 and 204600?
2728
Calculate the highest common factor of 819912 and 953336.
2152
Calculate the greatest common factor of 849854 and 6862.
94
Calculate the highest common factor of 21651047 and 2431.
187
Calculate the greatest common factor of 44 and 10334104.
44
Calculate the highest common factor of 2159141 and 209.
19
Calculate the highest common divisor of 136127620 and 20.
20
What is the greatest common factor of 42149 and 1359277?
113
Calculate the highest common divisor of 1082026 and 229064.
3014
Calculate the greatest common divisor of 17381172 and 12.
12
What is the highest common factor of 34271761 and 4?
1
What is the greatest common divisor of 31497021 and 193?
193
Calculate the highest common divisor of 6040422 and 4023.
9
What is the greatest common divisor of 1193544 and 46101?
363
What is the highest common divisor of 854741 and 1274576?
2153
Calculate the highest common divisor of 1376 and 25732318.
86
What is the highest common divisor of 10 and 9536710?
10
What is the greatest common factor of 388058 and 32054?
682
Calculate the highest common factor of 14241 and 2009720.
47
What is the greatest common factor of 16 and 1060816?
16
Calculate the highest common factor of 1695266 and 222.
74
Calculate the greatest common factor of 29008 and 41350.
2
What is the greatest common factor of 3096 and 6188904?
3096
What is the greatest common factor of 12313 and 9443?
7
Calculate the highest common divisor of 28460640 and 7800.
1560
Calculate the highest common factor of 46080576 and 756.
108
What is the greatest common divisor of 247844276 and 4?
4
What is the highest common divisor of 6521868 and 28?
4
Calculate the highest common divisor of 2280933 and 567.
27
Calculate the greatest common divisor of 1216006276 and 21928.
10964
Calculate the highest common factor of 5 and 12626645.
5
Calculate the greatest common factor of 8 and 274216666.
2
What is the highest common divisor of 96678960 and 4410?
1470
What is the greatest common divisor of 57 and 2050099335?
57
What is the highest common factor of 2076691 and 615?
41
Calculate the greatest common factor of 2556250228 and 7252.
7252
Calculate the highest common divisor of 7068 and 47117055.
1767
What is the highest common factor of 2057 and 25525313?
2057
Calculate the greatest common divisor of 495 and 8261495.
55
What is the highest common divisor of 4 and 5187510?
2
Calculate the greatest common divisor of 6586109 and 183.
61
What is the greatest common factor of 20198010 and 210?
210
Calculate the greatest common factor of 2614001 and 456.
19
What is the greatest common factor of 102088455 and 420?
105
What is the highest common factor of 744 and 13453872?
24
Calculate the greatest common factor of 101751327 and 4275.
171
What is the greatest common factor of 646891045 and 590?
295
What is the greatest common divisor of 658788 and 5043?
123
What is the highest common divisor of 131634706 and 119?
119
Calculate the highest common divisor of 99656812 and 1592.
796
Calculate the highest common divisor of 616796 and 89972.
1084
What is the highest common factor of 125 and 1141722250?
125
What is the greate